
Let p(q) = 9*q + 6. What are the prime factors of p(13)?
3, 41
Let a = 447 - 190. What are the prime factors of a?
257
Let n(w) = -2*w + 1. Suppose -8*l + 18 = -5*l. Let o(z) = -z - 1. Let k be o(l). What are the prime factors of n(k)?
3, 5
Let l = -105 + 241. What are the prime factors of l?
2, 17
Let d be 4/(2*2/(-8)). Let b = d - -5. List the prime factors of -4 - b - (-12 + -1).
2, 3
Let w = 11 - 0. Suppose -5*n = -2*j - w, 1 = -j + 3*n - 6. What are the prime factors of j?
2
Let g(a) = 8*a**2 - 10*a - 35. What are the prime factors of g(-5)?
5, 43
Let j(y) be the second derivative of -y**6/720 + y**5/12 + y**4/12 - 3*y. Let s(u) be the third derivative of j(u). What are the prime factors of s(0)?
2, 5
Let h = -72 - -244. What are the prime factors of h?
2, 43
Suppose -4*y + 2 + 6 = 0. Let u be (-5)/y - 4/(-8). Let a(p) = 3*p**2 - p - 2. What are the prime factors of a(u)?
2, 3
Let g(c) be the second derivative of c**4/8 - c**2 + c. Let m(i) be the first derivative of g(i). What are the prime factors of m(1)?
3
Let l be ((-2)/6)/(1/(-12)). Suppose l*o = -o + 60. What are the prime factors of o?
2, 3
What are the prime factors of -150*((128/20)/(-4))/1?
2, 3, 5
Suppose w - t - 877 = -2*w, 0 = 5*w - 4*t - 1450. List the prime factors of w.
2, 3, 7
Let s = 139 + -77. List the prime factors of s.
2, 31
Let o(u) be the first derivative of u**4/24 - u**3/6 + 2*u**2 + 4. Let w(c) be the second derivative of o(c). What are the prime factors of w(11)?
2, 5
Suppose x + u + 1 = 8, 5*x = 3*u - 5. Suppose -x*w + 50 = 3*w. List the prime factors of (6/10)/(2/w).
3
Suppose 5*x = 2*x + 93. Suppose x = 3*d + 2*b, 5*d - d + 2*b - 40 = 0. What are the prime factors of d?
3
Let z = 1 - 0. Suppose r + z = 4. List the prime factors of r.
3
Let j = -27 - -99. What are the prime factors of j?
2, 3
Let s = 33 + 38. List the prime factors of s.
71
Let s be 6/4 - 2/(-4). Let f(l) = 2*l**2. Let d be f(s). What are the prime factors of (d/6)/((-3)/(-9))?
2
Suppose -2*w = 3*w - 60. Suppose 4*j = -0*j + 4*b + w, -4*j - 5*b = -39. Suppose -j = -2*m + 10. What are the prime factors of m?
2
Let w(l) = l**3 + 2*l**2. Let f be w(2). Suppose 1 = -3*z + f. What are the prime factors of z?
5
Let v = 102 - 60. What are the prime factors of v?
2, 3, 7
Suppose 0 = s - 1 - 0. List the prime factors of s*(-1 - -3)*1.
2
Suppose 8 + 8 = z. List the prime factors of z.
2
Suppose 15 = 3*j + 2*j. What are the prime factors of 3/(-1)*(-43)/j?
43
Suppose 2*y = 5*r - 10, 2*r + 13 = 5*y - r. Suppose v = -4*q - 26, y*v = -q - 6 - 29. Let n = v + 15. List the prime factors of n.
3
Suppose -s = -2 - 1. What are the prime factors of s?
3
Let n be -4*(-6)/(-4) + 3. What are the prime factors of ((-1)/n)/(6/252)?
2, 7
Let z = -33 + 48. Let a = z - 8. What are the prime factors of a?
7
Suppose -36 = -3*f + 3*q, -4*f - 3*q = f - 36. Suppose -2*g - f = -3*y, 2*y - 2 - 4 = 3*g. What are the prime factors of y?
3
Let v(c) = -c**3 - 15*c**2 - 13*c - 32. List the prime factors of v(-15).
163
Let n = 555 - 383. List the prime factors of n.
2, 43
Suppose -3*n + 2*c + 197 = 41, 3*n = -5*c + 156. Let w = n + -11. List the prime factors of w.
41
Let x(d) = d**2 + 6*d - 7. Let r be x(-7). Suppose r = -0*h + 4*h - 68. List the prime factors of h.
17
Let g(v) = v**2 + 5*v - 4. Let i(p) = 14*p**2 - 5*p - 6. Let u(n) = -n**2 + n + 1. Let q(j) = -i(j) - 5*u(j). Let t be q(1). List the prime factors of g(t).
2, 5
Suppose 3*l - 9 = 21. Suppose 2*n + l = -4*x, n - 5*x - 19 = -x. Suppose 5*k - n*f + 1 = 23, -f + 26 = 5*k. What are the prime factors of k?
5
Let s(o) = -3*o**3 + 2*o**2 + 3*o + 1. What are the prime factors of s(-2)?
3
Let t(g) be the first derivative of g**3/2 - g**2/2 - 3*g + 2. Let k(c) be the first derivative of t(c). What are the prime factors of k(4)?
11
Suppose 0*w = 4*w - 92. What are the prime factors of w?
23
Let u(t) = -t**2 - 4*t + 8. Let d be u(-4). Let j = 2 - 2. What are the prime factors of d + (-3 + j)/3?
7
Suppose -r + 6 = r. Suppose -61 = -r*x + 5*c, 0*x - 14 = -2*x - 2*c. What are the prime factors of x?
2, 3
Let u(z) = z**3 - 5*z**2 - 6*z - 2. Let x be u(6). Let m(c) = -15*c + 2. List the prime factors of m(x).
2
Let a = -3 + 2. Let r be a + (-7)/2*-2. Suppose -y + r = 2*y. List the prime factors of y.
2
Suppose 62 = -4*n - 14. Let k = 39 + n. What are the prime factors of k?
2, 5
What are the prime factors of 588/(-21)*(-6)/7?
2, 3
Let d = -9 - -17. Suppose -d = -2*z - 2*z. Suppose 0 = -5*h - z + 52. List the prime factors of h.
2, 5
Let t(g) = g**3 + 0 - 1 - 2 - 10*g**2 + 4*g + 8*g**2. Let j be t(2). Suppose -s - j + 16 = 0. List the prime factors of s.
11
Let l = 94 + 28. List the prime factors of l.
2, 61
Suppose 0 = 7*o - 357 - 217. List the prime factors of o.
2, 41
Suppose 7*d - 12*d = -1050. List the prime factors of d.
2, 3, 5, 7
Let o(y) be the third derivative of y**7/2520 - y**6/720 + y**5/10 - y**4/8 + 3*y**2. Let r(p) be the second derivative of o(p). List the prime factors of r(0).
2, 3
Let w be ((-24)/(-18))/(4/6). Suppose 4*o + 37 + 9 = 2*l, 2*l = -w*o + 58. List the prime factors of l.
3
Let q(r) = -2*r - 5. Let d be q(-7). Let c = 58 + -15. Suppose -d - c = -4*u. List the prime factors of u.
13
Suppose -272 = -5*k + 23. Let h = -37 + k. Suppose -4*c + 10 = 3*x - 18, 2*x + c - h = 0. What are the prime factors of x?
2, 3
Let h(o) be the third derivative of -5*o**4/24 - 2*o**2. Suppose -5 = -2*p - 3*r, -4*p - 21 = -4*r - 1. List the prime factors of h(p).
2, 5
What are the prime factors of (28/5)/((-16)/(-120))?
2, 3, 7
List the prime factors of 10800/65 - (-4)/(-26).
2, 83
Let g(f) = f**3 + 8*f**2 - f + 3. Let u(w) = -3*w + 1. Let x be u(-1). Suppose 2*p = x*y + 40, -2*y + 6*p - 36 = p. List the prime factors of g(y).
11
Let r be 2 - 10 - 0/(-1). Let t = 35 + r. List the prime factors of t.
3
Suppose 23 = -3*t + 179. Let g = t + -36. What are the prime factors of g?
2
Suppose -3*m + 7 = -11. What are the prime factors of -3*(320/m)/(-4)?
2, 5
Let r(g) = 2*g - 9. Let u be r(6). Let l be ((-200)/(-15))/(1/u). Suppose m - 3*z = 8, 5*m = -0*z - 4*z + l. What are the prime factors of m?
2
Let z(g) = -g - 4. Let o be z(-7). Let y(h) = -2*h - 11. Let n(f) = 3*f + 22. Let q(m) = o*n(m) + 5*y(m). What are the prime factors of q(5)?
2, 3
Let b be -2 + 2 + (2 - 2). Suppose 0 = 2*o - b*o - 28. What are the prime factors of o?
2, 7
Suppose 0 = l - 6*y + 2*y - 3, 0 = -3*l + 3*y + 27. Suppose s - 26 + l = 0. What are the prime factors of s?
3, 5
Suppose 4*i + 1331 = 5*t, 0*t = 5*t - 5*i - 1330. What are the prime factors of t?
3, 89
Let c(a) = -a**3 + 8*a**2 + 7*a + 8. Let i be c(9). Let k = 4 - i. What are the prime factors of k?
2, 7
Let g(t) = 3*t + 3*t - t**2 + 5 + 4. Let s be g(7). Suppose -y = -2*c - 6*y + 61, 2*c = -s*y + 46. What are the prime factors of c?
2, 3
Let y(i) = -i**2 + 2*i. Let r be y(2). Suppose g + r = 3. Suppose -w - g*w + 36 = 0. List the prime factors of w.
3
Let y(c) = -7*c + 6*c - c**2 + 2*c**2 + 10. What are the prime factors of y(4)?
2, 11
Let y = 0 + 2. Suppose -6*i - 19 = y*a - i, -5*a - 5 = 4*i. Let u = a + 6. List the prime factors of u.
3
Suppose 2 = -3*l + l. Let y(h) = -1 + 3 - 8*h - 3. List the prime factors of y(l).
7
Suppose q - 8 = 4*z + 6*q, 0 = 4*z + 3*q + 8. What are the prime factors of (16/z)/2*-2?
2
Let h = -16 + 74. Suppose -3*t + h = 10. List the prime factors of t.
2
Suppose 52 = 6*v - 2*v + d, -2*v + 26 = 2*d. Suppose -4*u + 4 = -4*q, -u - v = -6*u + q. What are the prime factors of u?
3
Let r = -329 - -181. Let q(j) = j - 3. Let l be q(-7). What are the prime factors of (-1)/(-5) + r/l?
3, 5
Let r(p) = -p - 3*p + 2*p - 3*p - 1. List the prime factors of r(-1).
2
Suppose 2*a - 64 - 12 = 0. What are the prime factors of a?
2, 19
What are the prime factors of (0 + 2)*-1 - -19?
17
Suppose d + 12 = 4*d, -f - 3*d + 11 = 0. Let m be (-3 - f)/(-1 - 0). What are the prime factors of 1 + 2 + -3 + m?
2
Let c(u) = -21*u. Let m(d) = 22*d + 1. Let p(j) = -4*c(j) - 6*m(j). Let g(b) = 7*b + 1. Let f(q) = -27*g(q) - 4*p(q). List the prime factors of f(2).
3
Let t = 76 + -38. List the prime factors of t.
2, 19
Let y(n) = -n**3 + 7*n**2 + n + 4. List the prime factors of y(7).
11
Let a = -12 - -14. Suppose -4*w - 3*q - 51 = -139, a*w - 54 = q. 